
In base 7, what is -15026 + 0?
-15026
In base 12, what is 0 - -1a4a4?
1a4a4
In base 7, what is -526 - -2100?
1241
In base 3, what is 21000222 + 20220?
21021212
In base 14, what is -4 - -12d9?
12d5
In base 11, what is 0 - 10a103?
-10a103
In base 7, what is -11 - 11113310?
-11113321
In base 6, what is 12414310 - -12?
12414322
In base 5, what is 2 + -13320?
-13313
In base 8, what is 5 - 3021004?
-3020777
In base 3, what is -1221021 - 1102?
-1222200
In base 13, what is -555a2 - -8?
-55597
In base 5, what is -430004 - -3?
-430001
In base 2, what is -111010011100101 + -1110?
-111010011110011
In base 7, what is -4465336 - -4?
-4465332
In base 3, what is 1211111110111 - -10?
1211111110121
In base 8, what is -1453 - 10240?
-11713
In base 11, what is -83 - 511?
-594
In base 11, what is -1589a - 3?
-158a2
In base 15, what is 205 - 68?
18c
In base 15, what is -5 + a104?
a0ee
In base 13, what is -30b + ba7?
899
In base 6, what is 4 - -111151?
111155
In base 3, what is 12002 - 11210101?
-11121022
In base 14, what is -9bb - -368?
-653
In base 8, what is -46 + -34442?
-34510
In base 8, what is 2456 + 25?
2503
In base 12, what is 41760a - -3?
417611
In base 8, what is 53 + 167?
242
In base 14, what is 8b6 + 80?
956
In base 10, what is -1 - -5734?
5733
In base 9, what is -1157538 + 3?
-1157535
In base 16, what is -55342 + 7?
-5533b
In base 8, what is 353220 + -1?
353217
In base 15, what is 167e6 - -17?
1680d
In base 16, what is -110dd - -5?
-110d8
In base 15, what is -12c3 + 59?
-1269
In base 4, what is 11 - 12?
-1
In base 16, what is -19 + aabf?
aaa6
In base 8, what is 1 + 543337?
543340
In base 2, what is 1 + 1010111101010101?
1010111101010110
In base 10, what is -184 + -581?
-765
In base 3, what is -2210120022 + 22?
-2210120000
In base 10, what is 3209 + -39?
3170
In base 10, what is 2 + -991?
-989
In base 11, what is 1689 + 28?
1706
In base 11, what is 28a1 - -4?
28a5
In base 12, what is 3 - 19844?
-19841
In base 10, what is 9230 - -65?
9295
In base 8, what is -37 + -3016?
-3055
In base 15, what is 2 + 305c5?
305c7
In base 15, what is -2a75c - 4?
-2a761
In base 4, what is -33 - -2012210?
2012111
In base 16, what is -59 + 11de?
1185
In base 5, what is 2144024 - 1?
2144023
In base 12, what is 55 + 7b53?
7ba8
In base 13, what is 3 + 365?
368
In base 4, what is 102303300 - -11?
102303311
In base 13, what is 169 + -698a?
-6821
In base 4, what is 3120 - -222201?
231321
In base 2, what is 111100110110010 - 1011?
111100110100111
In base 2, what is 1100110111100 + 11?
1100110111111
In base 4, what is 1230330 + 1002?
1231332
In base 9, what is -1 - -12812?
12811
In base 8, what is 505664 - -3?
505667
In base 15, what is 2 - -69ba?
69bc
In base 14, what is -d44b7 + 4?
-d44b3
In base 15, what is -2 + 1575?
1573
In base 6, what is -4151 + 223?
-3524
In base 11, what is 60 + 2289?
2339
In base 3, what is -1 - -1021000221?
1021000220
In base 6, what is 12 + 504135?
504151
In base 16, what is 8 + 1ef3?
1efb
In base 2, what is -1010101000000 - 101011100?
-1011010011100
In base 4, what is -213202013 - 1?
-213202020
In base 7, what is 2 - 3654662?
-3654660
In base 4, what is -22312003 - 23?
-22312032
In base 2, what is 1001000000101010 + -100?
1001000000100110
In base 12, what is -4 + 565995?
565991
In base 15, what is -40 + -1a32?
-1a72
In base 15, what is 494e + -c9?
4875
In base 11, what is 17555 - 0?
17555
In base 4, what is 10 - -1322012?
1322022
In base 14, what is 1497a - 2?
14978
In base 11, what is -3 - 3073?
-3076
In base 4, what is -133 - -223301?
223102
In base 16, what is 1033b + 1?
1033c
In base 7, what is 15613320 + -1?
15613316
In base 12, what is -6a9b + b1?
-69aa
In base 3, what is 1222002 + -121020?
1100212
In base 13, what is 5c + -7aa9?
-7a4a
In base 4, what is 1310 + -11221?
-3311
In base 13, what is 2174 - 47?
212a
In base 11, what is 2292 - 5?
2288
In base 2, what is 100 + 1000011100110111000?
1000011100110111100
In base 5, what is 0 + -2121412?
-2121412
In base 5, what is 2231441 - 2?
2231434
In base 7, what is 101 - -124?
225
In base 3, what is -11002202001 + -11?
-11002202012
In base 12, what is -105 + 4b8?
3b3
In base 14, what is -9 + 57566?
5755b
In base 4, what is 2022120 - 303?
2021211
In base 4, what is 12 - -1302211?
1302223
In base 4, what is 20 + 13312033?
13312113
In base 11, what is 923 + -133?
7a0
In base 4, what is 2 + -3210002022?
-3210002020
In base 13, what is -2a6 + b4?
-1c2
In base 4, what is 0 - 100002?
-100002
In base 6, what is 5214 + 114?
5332
In base 4, what is 121011 - -221?
121232
In base 9, what is -51564 + -5?
-51570
In base 9, what is -338 + 562?
223
In base 6, what is -1 + -511203?
-511204
In base 5, what is 103334 + -3?
103331
In base 12, what is 2 + 57a15?
57a17
In base 16, what is -8fd8 - 4?
-8fdc
In base 2, what is 1100 + 1000110100111110?
1000110101001010
In base 3, what is -200110222100 + 12?
-200110222011
In base 10, what is -4 - -14845?
14841
In base 3, what is 12122202 - 112?
12122020
In base 7, what is 14 - 120516?
-120502
In base 6, what is -1 + 123445?
123444
In base 3, what is -2000 - 20000?
-22000
In base 5, what is -103 - -144114?
144011
In base 15, what is 13786 + 3?
13789
In base 3, what is 2120002 + -11?
2112221
In base 9, what is 50 - 337?
-277
In base 5, what is -113013 - -13041?
-44422
In base 7, what is 1215 - -35?
1253
In base 3, what is 20001100211 + -122?
20001100012
In base 12, what is -8b40 + 3?
-8b39
In base 5, what is -120124 + -2230?
-122404
In base 10, what is -12507 - 2?
-12509
In base 4, what is -212 - -33121?
32303
In base 7, what is 2 - -3500643?
3500645
In base 3, what is 21200 + -1120012?
-1021112
In base 6, what is 0 - -11055?
11055
In base 10, what is 1604 - 412?
1192
In base 11, what is 691 + 531?
1112
In base 14, what is -c50 - -b6?
-b78
In base 7, what is 3055115 - -5?
3055123
In base 13, what is 7 + 5756?
5760
In base 2, what is -100100 - -110?
-11110
In base 2, what is -11011110 - -1011110100110?
1011011001000
In base 8, what is -63 + -7471?
-7554
In base 10, what is 4418 - 510?
3908
In base 7, what is -631014 - -13?
-631001
In base 4, what is -20 - -2312010?
2311330
In base 16, what is -50e6 - 0?
-50e6
In base 15, what is 1 - -73e6?
73e7
In base 12, what is 1520 - 73?
1469
In base 15, what is -514dc - 1?
-514dd
In base 14, what is -12173 + -10?
-12183
In base 2, what is -10101011 - -10001101111000?
10001011001101
In base 9, what is -6 + 11722?
11715
In base 3, what is -10111210222201 - -1?
-10111210222200
In base 9, what is 2555 + 106?
2662
In base 4, what is -2330310 + 23?
-2330221
In base 12, what is 2 + 18a50a?
18a510
In base 8, what is 76 - -153?
251
In base 3, what is 1010002020 + -10?
1010002010
In base 3, what is 21102 - 200200?
-102021
In base 6, what is -2 - 5251114?
-5251120
In base 16, what is 3 - -f0d9?
f0dc
In base 2, what is 1001001011110001 + 10?
1001001011110011
In base 7, what is -321003 - 22?
-321025
In base 6, what is 2123211 + 1?
2123212
In base 14, what is -161 + 97?
-a8
In base 9, what is -13641 - 181?
-13832
In base 14, what is 0 + 2867?
2867
In base 2, what is 100011011111111111 + 1000?
100011100000000111
In base 2, what is -1100111001110 + 0?
-1100111001110
In base 8, what is 433 - 3423?
-2770
In base 14, what is -1 + a2758?
a2757
In base 14, what is 50d090 - -3?
50d093
In base 14, what is 1 - -4ba89?
4ba8a
In base 8, what is -675 + 2501?
1604
In base 13, what is 67 - -736?
7a0
In base 2, what is -101011001000111 - -111?
-101011001000000
In base 4, what is -2 - -131201130?
131201122
In base 5, what is 10 + 3424140?
3424200
In base 3, what is 0 - -111022?
111022
In base 15, what is -1203 + 39?
-11b9
In base 4, what is 3303032 + 0?
3303032
In base 15, what is -4 - 13c831?
-13c835
In base 6, what is -33155 + -115?
-33314
In base 4, what is -23 - 12220?
-12303
In base 6, what is -222045 + -5?
-222054
In base 10, what is -8 + 40528?
40520
In base 8, what is -5 - 316246?
-316253
In base 10, what is -5 - 6533?
-6538
In base 16, what is 0 - -e55?
e55
In base 16, what is 1 + -2461?
-2460
In base 15, what is -2 + -5c8?
-5ca
In base 14, what is 5 - -86d2c?
86d33
In base 10, what is 80503 - 31?
80472
In base 9, what is 1 - -17122?
17123
In base 8, what is -7351 - -22?
-7327
In base 5, what is 21234 - -4040?
30324
In base 13, what is 3 + 32ca?
3300
In base 13,